te?
True
Is 610647 a prime number?
False
Is 28949 a prime number?
True
Is 1549199 a prime number?
True
Is 485053 a prime number?
True
Is 109331 composite?
False
Is 653233 a composite number?
True
Is 19841 composite?
False
Is 66767 composite?
True
Is 165583 composite?
True
Is 18301 prime?
True
Is 14513 prime?
False
Is 44069 a prime number?
False
Is 378307 composite?
True
Is 137253 prime?
False
Is 35969 a composite number?
False
Is 168323 a prime number?
True
Is 43341 a prime number?
False
Is 81331 prime?
True
Is 16619 composite?
False
Is 3365 a prime number?
False
Is 5737 prime?
True
Is 70823 a composite number?
False
Is 7069 a prime number?
True
Is 1532815 a composite number?
True
Is 67603 a prime number?
False
Is 19957 composite?
True
Is 3073 a composite number?
True
Is 188117 a composite number?
True
Is 122293 a composite number?
True
Is 440807 a prime number?
True
Is 2503 a prime number?
True
Is 6139 composite?
True
Is 3719 a prime number?
True
Is 63373 composite?
True
Is 88409 a composite number?
True
Is 297967 a prime number?
True
Is 6598 prime?
False
Is 11959 prime?
True
Is 18251 a prime number?
True
Is 747449 a composite number?
False
Is 314129 a composite number?
False
Is 91997 a composite number?
False
Is 690103 a composite number?
False
Is 1272443 prime?
True
Is 2469359 a prime number?
True
Is 893459 a composite number?
True
Is 311503 a composite number?
True
Is 1361 prime?
True
Is 43889 a composite number?
False
Is 1021327 prime?
True
Is 15578 composite?
True
Is 61853 prime?
False
Is 847321 a prime number?
True
Is 3303215 prime?
False
Is 77 a prime number?
False
Is 273089 prime?
False
Is 97151 a composite number?
False
Is 103643 a prime number?
True
Is 6267 a composite number?
True
Is 568403 a composite number?
True
Is 8779 prime?
True
Is 2982557 prime?
True
Is 100769 composite?
False
Is 1464119 composite?
True
Is 61667 a composite number?
False
Is 54251 a prime number?
True
Is 16183 prime?
True
Is 15869 a prime number?
False
Is 23189 a prime number?
True
Is 23599 a prime number?
True
Is 60773 prime?
True
Is 33959 a prime number?
False
Is 48457 a composite number?
True
Is 978883 composite?
False
Is 883669 a composite number?
True
Is 471043 prime?
False
Is 13327 prime?
True
Is 3593 composite?
False
Is 49919 prime?
True
Is 6629 a composite number?
True
Is 338627 prime?
False
Is 52862 prime?
False
Is 417899 prime?
True
Is 622477 a prime number?
True
Is 213835 composite?
True
Is 292661 a prime number?
True
Is 5371 composite?
True
Is 75333 prime?
False
Is 6247 a prime number?
True
Is 89785 a composite number?
True
Is 13595 composite?
True
Is 25961 prime?
False
Is 113941 composite?
True
Is 211 a prime number?
True
Is 10427 composite?
False
Is 3097 composite?
True
Is 365851 prime?
True
Is 31459 a prime number?
False
Is 13798 composite?
True
Is 34031 a composite number?
False
Is 768301 prime?
True
Is 20411 a composite number?
False
Is 187 a composite number?
True
Is 549893 prime?
False
Is 26239 composite?
True
Is 7979 composite?
True
Is 5791 composite?
False
Is 21089 a composite number?
False
Is 22433 a prime number?
True
Is 105359 a composite number?
False
Is 733 a prime number?
True
Is 281849 composite?
False
Is 728623 a prime number?
False
Is 288137 a composite number?
False
Is 274187 prime?
True
Is 91589 prime?
False
Is 68567 composite?
False
Is 13997 a composite number?
False
Is 13657 composite?
True
Is 4285 a composite number?
True
Is 16045 composite?
True
Is 4567 a prime number?
True
Is 6218 composite?
True
Is 55433 a composite number?
True
Is 6401 prime?
False
Is 6899 prime?
True
Is 622705 prime?
False
Is 54211 prime?
False
Is 1783 a prime number?
True
Is 165995 a composite number?
True
Is 1987 prime?
True
Is 153793 a prime number?
False
Is 1059617 a composite number?
True
Is 1717 a prime number?
False
Is 8807 a prime number?
True
Is 32711 a composite number?
True
Is 62879 a composite number?
True
Is 801637 composite?
True
Is 179159 a prime number?
False
Is 5999 a composite number?
True
Is 2503 prime?
True
Is 97445 a prime number?
False
Is 505111 a composite number?
False
Is 5381 prime?
True
Is 21629 a prime number?
False
Is 139478 prime?
False
Is 10249 prime?
False
Is 90781 a composite number?
True
Is 20885 a composite number?
True
Is 83831 composite?
True
Is 37733 composite?
True
Is 263 a composite number?
False
Is 1465 a composite number?
True
Is 12791 composite?
False
Is 15439 prime?
True
Is 3317033 composite?
False
Is 12151 prime?
False
Is 51043 a composite number?
False
Is 377459 composite?
False
Is 51251 prime?
False
Is 54359 composite?
True
Is 24611 a prime number?
True
Is 21341 prime?
True
Is 2195665 composite?
True
Is 98773 prime?
True
Is 733 a prime number?
True
Is 1908299 composite?
False
Is 24439 composite?
False
Is 205629 a composite number?
True
Is 866161 a composite number?
False
Is 13379 prime?
False
Is 18283 a composite number?
True
Is 16127 a composite number?
False
Is 190699 a prime number?
True
Is 4831 composite?
False
Is 46769 composite?
False
Is 790781 composite?
False
Is 2285 a prime number?
False
Is 1409 composite?
False
Is 848149 a prime number?
True
Is 55147 prime?
True
Is 20555 composite?
True
Is 10911 prime?
False
Is 645077 composite?
False
Is 11483 prime?
True
Is 30133 prime?
True
Is 19781 composite?
True
Is 66449 prime?
True
Is 309883 a prime number?
False
Is 127031 composite?
False
Is 18607 a composite number?
True
Is 349449 a composite number?
True
Is 23093 a prime number?
False
Is 29623 a prime number?
False
Is 5923 composite?
False
Is 1583 a prime number?
True
Is 88409 composite?
True
Is 633361 composite?
True
Is 5581 a prime number?
True
Is 36323 prime?
False
Is 4871 composite?
False
Is 816217 a composite number?
False
Is 270403 a prime number?
False
Is 1440847 prime?
True
Is 2149 a composite number?
True
Is 11213 prime?
True
Is 3009023 a prime number?
True
Is 17657 prime?
True
Is 66629 a prime number?
True
Is 4699 prime?
False
Is 135497 a composite number?
False
Is 183721 a composite number?
True
Is 3601 a composite number?
True
Is 4127 prime?
True
Is 146177 composite?
True
Is 80057 a prime number?
False
Is 20221 composite?
True
Is 62 prime?
False
Is 28277 prime?
True
Is 290123 a composite number?
True
Is 14837 a composite number?
True
Is 15679 a prime number?
True
Is 138161 prime?
False
Is 137211 a prime number?
False
Is 2869769 a composite number?
True
Is 6439 prime?
False
Is 36463 a composite number?
True
Is 301657 composite?
False
Is 3595 prime?
False
Is 288901 prime?
False
Is 341329 prime?
False
Is 23033 a composite number?
True
Is 613 a composite number?
False
Is 6816299 prime?
False
Is 1672033 a prime number?
False
Is 137929 a composite number?
True
Is 3343 composite?
False
Is 583 a prime number?
False
Is 7151 a composite number?
False
Is 14243 a composite number?
False
Is 6767 prime?
False
Is 5737 a composite number?
False
Is 258161 a prime number?
True
Is 145433 a composite number?
False
Is 13789 composite?
False
Is 24877 a prime number?
True
Is 4939 composite?
True
Is 1057526 a prime number?
False
Is 69761 a composite number?
False
Is 423965 prime?
False
Is 3443 prime?
False
Is 2879 prime?
True
Is 1047197 a composite number?
False
Is 2497 composite?
True
Is 51079 a prime number?
False
Is 9865 a composite number?
True
Is 26851 composite?
True
Is 472441 prime?
False
Is 760673 composite?
True
Is 451579 composite?
False
Is 138331 a prime number?
False
Is 53083 prime?
False
Is 144563 composite?
False
Is 458783 composite?
True
Is 1488115 composite?
True
Is 1086019 a composite number?
True
Is 19301 composite?
False
Is 5197 a prime number?
True
Is 349543 a prime number?
False
Is 481103 a composite number?
True
Is 1637 composite?
False
Is 8263 prime?
True
Is 11957 a prime number?
False
Is 169859 prime?
True
Is 556099 a composite number?
True
Is 10291 composite?
True
Is 24319 a composite number?
True
Is 121791 prime?
False
Is 3637 a composite number?
False
Is 403159 a prime number?
True
Is 9733 prime?
True
Is 16841 composite?
True
Is 6469 composite?
False
Is 26759 composite?
False
Is 13591 a prime number?
True
Is 6947 a composite number?
False
Is 722093 prime?
True
Is 276227 a prime number?
False
Is 2906 composite?
True
Is 6539 composite?
True
Is 74653 a composite number?
False
Is 182491 a c